{"id":31,"date":"2021-09-21T10:22:01","date_gmt":"2021-09-21T10:22:01","guid":{"rendered":"http:\/\/www.ellago.es\/?page_id=31"},"modified":"2021-10-27T17:41:47","modified_gmt":"2021-10-27T17:41:47","slug":"restaurante","status":"publish","type":"page","link":"https:\/\/www.ellago.es\/index.php\/restaurante\/","title":{"rendered":"RESTAURANTE"},"content":{"rendered":"\t\t<div data-elementor-type=\"wp-page\" data-elementor-id=\"31\" class=\"elementor elementor-31\">\n\t\t\t\t\t\t<section class=\"elementor-section elementor-top-section elementor-element elementor-element-0d2d595 elementor-section-boxed elementor-section-height-default elementor-section-height-default\" data-id=\"0d2d595\" data-element_type=\"section\">\n\t\t\t\t\t\t<div class=\"elementor-container elementor-column-gap-default\">\n\t\t\t\t\t<div class=\"elementor-column elementor-col-100 elementor-top-column elementor-element elementor-element-d7a034d\" data-id=\"d7a034d\" data-element_type=\"column\">\n\t\t\t<div class=\"elementor-widget-wrap elementor-element-populated\">\n\t\t\t\t\t\t<div class=\"elementor-element elementor-element-ede5bea elementor-widget elementor-widget-heading\" data-id=\"ede5bea\" data-element_type=\"widget\" data-widget_type=\"heading.default\">\n\t\t\t\t<div class=\"elementor-widget-container\">\n\t\t\t\t\t<h2 class=\"elementor-heading-title elementor-size-default\">Nuestra Cocina<\/h2>\t\t\t\t<\/div>\n\t\t\t\t<\/div>\n\t\t\t\t\t<\/div>\n\t\t<\/div>\n\t\t\t\t\t<\/div>\n\t\t<\/section>\n\t\t\t\t<section class=\"elementor-section elementor-top-section elementor-element elementor-element-2f2f43a elementor-section-boxed elementor-section-height-default elementor-section-height-default\" data-id=\"2f2f43a\" data-element_type=\"section\">\n\t\t\t\t\t\t<div class=\"elementor-container elementor-column-gap-default\">\n\t\t\t\t\t<div class=\"elementor-column elementor-col-100 elementor-top-column elementor-element elementor-element-7337447\" data-id=\"7337447\" data-element_type=\"column\">\n\t\t\t<div class=\"elementor-widget-wrap elementor-element-populated\">\n\t\t\t\t\t\t<div class=\"elementor-element elementor-element-4c583e2 elementor-widget elementor-widget-heading\" data-id=\"4c583e2\" data-element_type=\"widget\" data-widget_type=\"heading.default\">\n\t\t\t\t<div class=\"elementor-widget-container\">\n\t\t\t\t\t<h2 class=\"elementor-heading-title elementor-size-default\">Especialidad de la casa<\/h2>\t\t\t\t<\/div>\n\t\t\t\t<\/div>\n\t\t\t\t\t<\/div>\n\t\t<\/div>\n\t\t\t\t\t<\/div>\n\t\t<\/section>\n\t\t\t\t<section class=\"elementor-section elementor-top-section elementor-element elementor-element-4158126 elementor-section-boxed elementor-section-height-default elementor-section-height-default\" data-id=\"4158126\" data-element_type=\"section\">\n\t\t\t\t\t\t<div class=\"elementor-container elementor-column-gap-default\">\n\t\t\t\t\t<div class=\"elementor-column elementor-col-50 elementor-top-column elementor-element elementor-element-06e2303\" data-id=\"06e2303\" data-element_type=\"column\">\n\t\t\t<div class=\"elementor-widget-wrap elementor-element-populated\">\n\t\t\t\t\t\t<div class=\"elementor-element elementor-element-5713776 elementor-widget elementor-widget-image\" data-id=\"5713776\" data-element_type=\"widget\" data-widget_type=\"image.default\">\n\t\t\t\t<div class=\"elementor-widget-container\">\n\t\t\t\t\t\t\t\t\t\t\t\t\t\t\t\t<a href=\"http:\/\/www.ellago.es\/wp-content\/uploads\/2021\/10\/IMG-1226-scaled-e1635157206992.jpg\" data-elementor-open-lightbox=\"yes\" data-elementor-lightbox-title=\"Tosta Jam\u00f3n\" data-elementor-lightbox-description=\"Tosta con Jam\u00f3n es una de las especialidades de nuestro restaurante\" data-e-action-hash=\"#elementor-action%3Aaction%3Dlightbox%26settings%3DeyJpZCI6MjEzLCJ1cmwiOiJodHRwczpcL1wvd3d3LmVsbGFnby5lc1wvd3AtY29udGVudFwvdXBsb2Fkc1wvMjAyMVwvMTBcL0lNRy0xMjI2LXNjYWxlZC1lMTYzNTE1NzIwNjk5Mi5qcGcifQ%3D%3D\">\n\t\t\t\t\t\t\t<img fetchpriority=\"high\" decoding=\"async\" width=\"768\" height=\"476\" src=\"https:\/\/www.ellago.es\/wp-content\/uploads\/2021\/10\/IMG-1226-scaled-e1635157206992-768x476.jpg\" class=\"attachment-medium_large size-medium_large wp-image-213\" alt=\"Tosta Jam\u00f3n\" srcset=\"https:\/\/www.ellago.es\/wp-content\/uploads\/2021\/10\/IMG-1226-scaled-e1635157206992-768x476.jpg 768w, https:\/\/www.ellago.es\/wp-content\/uploads\/2021\/10\/IMG-1226-scaled-e1635157206992-300x186.jpg 300w, https:\/\/www.ellago.es\/wp-content\/uploads\/2021\/10\/IMG-1226-scaled-e1635157206992-1024x635.jpg 1024w, https:\/\/www.ellago.es\/wp-content\/uploads\/2021\/10\/IMG-1226-scaled-e1635157206992-1536x953.jpg 1536w, https:\/\/www.ellago.es\/wp-content\/uploads\/2021\/10\/IMG-1226-scaled-e1635157206992-2048x1270.jpg 2048w\" sizes=\"(max-width: 768px) 100vw, 768px\" \/>\t\t\t\t\t\t\t\t<\/a>\n\t\t\t\t\t\t\t\t\t\t\t\t\t\t\t<\/div>\n\t\t\t\t<\/div>\n\t\t\t\t\t<\/div>\n\t\t<\/div>\n\t\t\t\t<div class=\"elementor-column elementor-col-50 elementor-top-column elementor-element elementor-element-8266b98\" data-id=\"8266b98\" data-element_type=\"column\">\n\t\t\t<div class=\"elementor-widget-wrap elementor-element-populated\">\n\t\t\t\t\t\t<div class=\"elementor-element elementor-element-fdfe479 elementor-widget elementor-widget-text-editor\" data-id=\"fdfe479\" data-element_type=\"widget\" data-widget_type=\"text-editor.default\">\n\t\t\t\t<div class=\"elementor-widget-container\">\n\t\t\t\t\t\t\t\t\t<p>Tosta de Jam\u00f3n con tomate, es una de las especialidades de la casa.<\/p>\t\t\t\t\t\t\t\t<\/div>\n\t\t\t\t<\/div>\n\t\t\t\t\t<\/div>\n\t\t<\/div>\n\t\t\t\t\t<\/div>\n\t\t<\/section>\n\t\t\t\t<section class=\"elementor-section elementor-top-section elementor-element elementor-element-759ee44 elementor-section-boxed elementor-section-height-default elementor-section-height-default\" data-id=\"759ee44\" data-element_type=\"section\">\n\t\t\t\t\t\t<div class=\"elementor-container elementor-column-gap-default\">\n\t\t\t\t\t<div class=\"elementor-column elementor-col-50 elementor-top-column elementor-element elementor-element-9819022\" data-id=\"9819022\" data-element_type=\"column\">\n\t\t\t<div class=\"elementor-widget-wrap elementor-element-populated\">\n\t\t\t\t\t\t<div class=\"elementor-element elementor-element-128b3a6 elementor-widget elementor-widget-text-editor\" data-id=\"128b3a6\" data-element_type=\"widget\" data-widget_type=\"text-editor.default\">\n\t\t\t\t<div class=\"elementor-widget-container\">\n\t\t\t\t\t\t\t\t\t<p>Crepineta de Salm\u00f3n ahumado con marisco. Otra de las especialidades de la casa.<\/p>\t\t\t\t\t\t\t\t<\/div>\n\t\t\t\t<\/div>\n\t\t\t\t\t<\/div>\n\t\t<\/div>\n\t\t\t\t<div class=\"elementor-column elementor-col-50 elementor-top-column elementor-element elementor-element-010356b\" data-id=\"010356b\" data-element_type=\"column\">\n\t\t\t<div class=\"elementor-widget-wrap elementor-element-populated\">\n\t\t\t\t\t\t<div class=\"elementor-element elementor-element-55ec5c3 elementor-widget elementor-widget-image\" data-id=\"55ec5c3\" data-element_type=\"widget\" data-widget_type=\"image.default\">\n\t\t\t\t<div class=\"elementor-widget-container\">\n\t\t\t\t\t\t\t\t\t\t\t\t\t\t\t\t<a href=\"http:\/\/www.ellago.es\/wp-content\/uploads\/2021\/10\/IMG-0118-scaled.jpg\" data-elementor-open-lightbox=\"yes\" data-elementor-lightbox-title=\"IMG-0118\" data-e-action-hash=\"#elementor-action%3Aaction%3Dlightbox%26settings%3DeyJpZCI6MjE0LCJ1cmwiOiJodHRwczpcL1wvd3d3LmVsbGFnby5lc1wvd3AtY29udGVudFwvdXBsb2Fkc1wvMjAyMVwvMTBcL0lNRy0wMTE4LXNjYWxlZC5qcGcifQ%3D%3D\">\n\t\t\t\t\t\t\t<img decoding=\"async\" width=\"768\" height=\"576\" src=\"https:\/\/www.ellago.es\/wp-content\/uploads\/2021\/10\/IMG-0118-768x576.jpg\" class=\"attachment-medium_large size-medium_large wp-image-214\" alt=\"\" srcset=\"https:\/\/www.ellago.es\/wp-content\/uploads\/2021\/10\/IMG-0118-768x576.jpg 768w, https:\/\/www.ellago.es\/wp-content\/uploads\/2021\/10\/IMG-0118-300x225.jpg 300w, https:\/\/www.ellago.es\/wp-content\/uploads\/2021\/10\/IMG-0118-1024x768.jpg 1024w, https:\/\/www.ellago.es\/wp-content\/uploads\/2021\/10\/IMG-0118-1536x1152.jpg 1536w, https:\/\/www.ellago.es\/wp-content\/uploads\/2021\/10\/IMG-0118-2048x1536.jpg 2048w\" sizes=\"(max-width: 768px) 100vw, 768px\" \/>\t\t\t\t\t\t\t\t<\/a>\n\t\t\t\t\t\t\t\t\t\t\t\t\t\t\t<\/div>\n\t\t\t\t<\/div>\n\t\t\t\t\t<\/div>\n\t\t<\/div>\n\t\t\t\t\t<\/div>\n\t\t<\/section>\n\t\t\t\t<section class=\"elementor-section elementor-top-section elementor-element elementor-element-0463cd6 elementor-section-boxed elementor-section-height-default elementor-section-height-default\" data-id=\"0463cd6\" data-element_type=\"section\">\n\t\t\t\t\t\t<div class=\"elementor-container elementor-column-gap-default\">\n\t\t\t\t\t<div class=\"elementor-column elementor-col-50 elementor-top-column elementor-element elementor-element-b15bd5e\" data-id=\"b15bd5e\" data-element_type=\"column\">\n\t\t\t<div class=\"elementor-widget-wrap elementor-element-populated\">\n\t\t\t\t\t\t<div class=\"elementor-element elementor-element-37d778d elementor-widget elementor-widget-image\" data-id=\"37d778d\" data-element_type=\"widget\" data-widget_type=\"image.default\">\n\t\t\t\t<div class=\"elementor-widget-container\">\n\t\t\t\t\t\t\t\t\t\t\t\t\t\t\t\t<a href=\"http:\/\/www.ellago.es\/wp-content\/uploads\/2021\/10\/IMG-0966-scaled.jpg\" data-elementor-open-lightbox=\"yes\" data-elementor-lightbox-title=\"IMG-0966\" data-e-action-hash=\"#elementor-action%3Aaction%3Dlightbox%26settings%3DeyJpZCI6MjE1LCJ1cmwiOiJodHRwczpcL1wvd3d3LmVsbGFnby5lc1wvd3AtY29udGVudFwvdXBsb2Fkc1wvMjAyMVwvMTBcL0lNRy0wOTY2LXNjYWxlZC5qcGcifQ%3D%3D\">\n\t\t\t\t\t\t\t<img decoding=\"async\" width=\"768\" height=\"574\" src=\"https:\/\/www.ellago.es\/wp-content\/uploads\/2021\/10\/IMG-0966-768x574.jpg\" class=\"attachment-medium_large size-medium_large wp-image-215\" alt=\"\" srcset=\"https:\/\/www.ellago.es\/wp-content\/uploads\/2021\/10\/IMG-0966-768x574.jpg 768w, https:\/\/www.ellago.es\/wp-content\/uploads\/2021\/10\/IMG-0966-300x224.jpg 300w, https:\/\/www.ellago.es\/wp-content\/uploads\/2021\/10\/IMG-0966-1024x765.jpg 1024w, https:\/\/www.ellago.es\/wp-content\/uploads\/2021\/10\/IMG-0966-1536x1147.jpg 1536w, https:\/\/www.ellago.es\/wp-content\/uploads\/2021\/10\/IMG-0966-2048x1530.jpg 2048w\" sizes=\"(max-width: 768px) 100vw, 768px\" \/>\t\t\t\t\t\t\t\t<\/a>\n\t\t\t\t\t\t\t\t\t\t\t\t\t\t\t<\/div>\n\t\t\t\t<\/div>\n\t\t\t\t\t<\/div>\n\t\t<\/div>\n\t\t\t\t<div class=\"elementor-column elementor-col-50 elementor-top-column elementor-element elementor-element-199e0ed\" data-id=\"199e0ed\" data-element_type=\"column\">\n\t\t\t<div class=\"elementor-widget-wrap elementor-element-populated\">\n\t\t\t\t\t\t<div class=\"elementor-element elementor-element-b8a20e2 elementor-widget elementor-widget-text-editor\" data-id=\"b8a20e2\" data-element_type=\"widget\" data-widget_type=\"text-editor.default\">\n\t\t\t\t<div class=\"elementor-widget-container\">\n\t\t\t\t\t\t\t\t\t<p>Cogollos con pimientos asados, at\u00fan y anchoa.<\/p>\t\t\t\t\t\t\t\t<\/div>\n\t\t\t\t<\/div>\n\t\t\t\t\t<\/div>\n\t\t<\/div>\n\t\t\t\t\t<\/div>\n\t\t<\/section>\n\t\t\t\t<\/div>\n\t\t","protected":false},"excerpt":{"rendered":"<p>Nuestra Cocina Especialidad de la casa Tosta de Jam\u00f3n con tomate, es una de las especialidades de la casa. Crepineta de Salm\u00f3n ahumado con marisco. Otra de las especialidades de la casa. Cogollos con pimientos asados, at\u00fan y anchoa.<\/p>\n","protected":false},"author":1,"featured_media":0,"parent":0,"menu_order":0,"comment_status":"closed","ping_status":"closed","template":"","meta":{"footnotes":""},"class_list":["post-31","page","type-page","status-publish","hentry"],"_links":{"self":[{"href":"https:\/\/www.ellago.es\/index.php\/wp-json\/wp\/v2\/pages\/31","targetHints":{"allow":["GET"]}}],"collection":[{"href":"https:\/\/www.ellago.es\/index.php\/wp-json\/wp\/v2\/pages"}],"about":[{"href":"https:\/\/www.ellago.es\/index.php\/wp-json\/wp\/v2\/types\/page"}],"author":[{"embeddable":true,"href":"https:\/\/www.ellago.es\/index.php\/wp-json\/wp\/v2\/users\/1"}],"replies":[{"embeddable":true,"href":"https:\/\/www.ellago.es\/index.php\/wp-json\/wp\/v2\/comments?post=31"}],"version-history":[{"count":10,"href":"https:\/\/www.ellago.es\/index.php\/wp-json\/wp\/v2\/pages\/31\/revisions"}],"predecessor-version":[{"id":222,"href":"https:\/\/www.ellago.es\/index.php\/wp-json\/wp\/v2\/pages\/31\/revisions\/222"}],"wp:attachment":[{"href":"https:\/\/www.ellago.es\/index.php\/wp-json\/wp\/v2\/media?parent=31"}],"curies":[{"name":"wp","href":"https:\/\/api.w.org\/{rel}","templated":true}]}}